 (82 - 1).
24
Evaluate -6 + (-124 - 0) - (2 - (1 - -3 - 3)).
-131
What is 47 + -58 + (-3 - 5) + 26 + -7?
0
Evaluate 6 - (-18 + (8 - -1 - -2) + -7).
20
Calculate (-8 + (14 - 6) - 2 - -4) + 112.
114
What is the value of (47 + -10 - 33) + 29 - 11?
22
-26 - (-7 + (-16 - -23) - -14)
-40
What is the value of -24 + 11 + -4 - -9 - (-2 + 67)?
-73
What is the value of 50 - 42 - 9 - (0 + -11) - (73 - 0)?
-63
What is 23 - ((-16 - (12 - 71)) + -20)?
0
What is -11 - (0 + -8 - (-20 + -3 + 67))?
41
Evaluate -60 + (14 - (8 - -15 - -4)) + (1 - -1).
-71
Calculate -30 + (104 + -165 - -33).
-58
What is the value of 69 - ((11 - (-24 - -41)) + 2)?
73
Calculate -35 + 13 + 19 - (39 - (8 - -5)).
-29
What is -70 + (65 - -11) - 74?
-68
-15 + 24 + -50 + 39 - (-52 - -2)
48
What is 21 + 15 + -54 - 5?
-23
Evaluate 18 + 5 + -4 + 19 + -27 - 6.
5
1 + -59 + 4 + -5 + 24 + 11 + -30
-54
What is the value of (-27 - (-11 - -76)) + 20?
-72
(3 - 16) + (8 - 12) + 13 + (-44 - -1)
-47
Evaluate -106 + 115 - (-3 - -18) - -117.
111
(1284 - 1320) + -2 + (1 - -2) + -5
-40
-57 + -1 + 54 + -47
-51
Calculate (2 - -5) + (26 - 13 - (2 + (-2 - 3))).
23
What is 33 + -78 + 40 + (-27 - -1)?
-31
Evaluate 7 + -3 + 15 + -42 + 0.
-23
Calculate -24 + (14 + 15 + -27 - -3 - (-1 - -8)).
-26
Evaluate 0 + -1 + 5 + (-26573 - -26563) + -2 + 51.
43
Calculate 7 + -2 + (0 - 23) + -92 + 83.
-27
-3 + (2 - 4) - (82 - 77) - (15 + 1)
-26
Evaluate -13 + (37 - (18 + 1)) - (-14 + -26).
45
What is -17 + 63 + -67 + 45?
24
What is the value of 95 - (-9 - (1 - 1) - (485 - 475))?
114
Calculate -17 + 14 + (-7 - (5 + -31)) - -1.
17
What is the value of (1 - 66) + (22 + -44 - (10 - 44))?
-53
Evaluate 3 - (61 + ((25 - 12) + -13 - 13)) - 13.
-58
What is -13 + 23 - (-19 + -6) - 58?
-23
Calculate 78 - (106 + 20 + 20).
-68
Evaluate (-10 - (-14 - (-16 + 2) - 17)) + -14.
-7
What is 0 - ((4 - (8 + -19 - -6)) + 9)?
-18
Evaluate -5 - ((-15 - 4) + 4 + 30) - -89.
69
Calculate (3 - (73 + -32)) + 7 + 40.
9
Calculate 0 + -148 - ((-2 - -40) + -3 + -30 - 14).
-139
What is the value of -3 + -1 + 4 - ((-19 - -18) + -5)?
6
What is (-264 + 270 - (142 + 0)) + (-8 - -8)?
-136
What is 0 + -43 + 17 + 52 - 30?
-4
What is -22 - ((-7 - -1) + 150 + -149 + 9)?
-26
Calculate -10 + (11 - 20 - (9 - 12)) + 12 + -96.
-100
Calculate 1 - (1 + 33 + (169 - 174)).
-28
What is 1 - (89 + 1 + (-11 - 0) + (893 - 888))?
-83
-49 - ((-2 - -30) + -555 + 498)
-20
Evaluate -42 - ((-8 - 0) + (-129 - (-193 + 66))).
-32
Evaluate -220 - (183 + -108 + -222).
-73
What is -21 - (10 - (-2 + -3 - (-61 - -46)))?
-21
What is the value of -18 + (-34 - -46) + (12 - -37 - (-2 - -6))?
39
What is the value of 3 - (19 - (-5 - (1 - (12 - (-8 + 8)))))?
-10
What is -127 - (-12 - 1 - (-21 + (-40 - (-9 - 40))))?
-126
What is the value of (9 - 3) + -24 + (19 + 8 - 15) - -133?
127
Calculate (6 - 13) + 3 - 4 - ((20 - 2) + -7).
-19
(-8 - ((-7 - 18) + 13)) + (-2 - -66 - -2)
70
What is (-52 - (-5 + 8)) + -84 + 102?
-37
Evaluate -4 - 2 - -6 - (153 - (-7 + 19)) - -10.
-131
Calculate -24 + -4 + 52 + -17 + -4 + (121 - -1).
125
What is the value of (-204 - -207) + (-1 - 3) - 6?
-7
Calculate -2 + (39 - 13) + -25 + 21.
20
19 + (24 - 58) + (31 - -8 - -3)
27
(4 - 65) + 65 + 2 + -31
-25
Calculate 11 + 1 + (-4 - 4) + -4 - (6 - -78).
-84
Calculate -11 + 2 - (5 + -12 + (27 - 16)).
-13
What is the value of (4 - 11 - 48) + 4 + (7 - 0)?
-44
Evaluate 6 - (4 - -1 - (-11 - (-49 - (-9 + 7)))).
37
Evaluate (-1 - 97) + (1 - 13 - (23 + -68 + 46)).
-111
Calculate -29 + (2 - 3) - (-334 + 356).
-52
What is the value of 2 + -5 + -26 + 23 - ((23 - -45) + 4)?
-78
(9 - (-1 + 2 + 1)) + 55 + (16 - 128)
-50
What is -5 - (-15 - (-22 + 14) - 15)?
17
What is the value of (18 + -7 - 16 - -17) + -2 - 55?
-45
Calculate 104 - (-26 - (-115 + 0)).
15
What is (-4 - (-4 + 10)) + (-5 - -8 - -5) + 3?
1
-20 + 3 + (3 + -43 - -32) - -15
-10
(156 + -68 - 21) + -110
-43
Calculate (1 - 2) + -71 + (-50 + -11 + 14 - -55).
-64
Calculate (-1 - -91 - (-45 - (-51 - -4))) + -3.
85
Calculate 49 + (-13 - -8) + -309 + 311.
46
52 - (-13 + 22 + -27 + 10)
60
What is the value of -10 - -30 - (-127 + -28) - (0 - -12) - 10?
153
What is the value of 49 + (-47 - -35) - 36?
1
Calculate 6 + 5 + 0 + -4 + -6 + 5.
6
What is -24 + (-37 - -39) + -4 + -19?
-45
What is 4 - (-20 + -17 + 28 + 16)?
-3
Evaluate -29 + (15 + 14 - -19).
19
Calculate -43 - (-37 + 36 + -64).
22
What is 42 - ((-17 - 20 - -24) + 13)?
42
(-1603 - -1515) + 0 + 52
-36
Evaluate -2 + 1 + 48 + -43232 + 43263.
78
Calculate (-44 - (-7 + 0 - (-88 + 100))) + -23.
-48
Calculate 0 + ((1 + -6 - 0) + 1 - (1095 + -1067)).
-32
Calculate -20 + (10 - (-6 - (-11 + -4))) + -34.
-53
Calculate -2 + 0 + (25 + -133 + 116 - (31 + -2)).
-23
Evaluate 32 - 73 - 11 - (15 - 5).
-62
Evaluate (-8 - 22) + (-4 + 1 - (49 + -56)).
-26
What is the value of -33 + (-22 + -8 - -30 - 29)?
-62
Evaluate (-77 + 154 - 80) + 34 + -4 + -2 + -1.
24
What is the value of -3790 - -3787 - (-1 + 1)?
-3
64 + 11 + -97 - (-85 - 0)
63
Evaluate (-29 - -4) + (212 - 130).
57
What is (4 - 43) + 1 + 0 + -1 + (-3 - -10)?
-32
Calculate (-3 - (-40 + 21 + 14)) + -48.
-46
Evaluate (-6 - -1 - -4) + 4 + (572 - 624) + 0.
-49
2 - 6 - (30 - -26 - 37)
-23
Evaluate (18 - 72) + (-24 - -20).
-58
Calculate -61 - (23 - 50) - -29 - 7.
-12
Evaluate -23 - 2 - (-6 + 11 - (9 - 8)).
-29
Evaluate 91 + (-13 - -25 - ((-7 - 4) + 2)).
112
What is the value of 46 + -32 + -29 + 2 + 47?
34
63 + -69 - (-10 - 1) - (3 - 3)
5
(-3363 - -3389) + 13 + 1
40
What is 6 + (3 - 5 - -4) + 100 + 9 + -51?
66
What is the value of 15 - (9 - (158 - 55))?
109
Calculate 0 + -4 - (7 - (-6 + -5 + 20) - -47).
-49
Calculate (-9 - -1) + (-34 + 149 - 43) + -14.
50
-117 - -47 - -8 - -93
31
Calculate (6 - (27 + 7)) + (297 - 264).
5
Calculate -55 + -1 + (-954 - -967).
-43
What is the value of -11 + (-4 - (20 + -25)) + -12 + -2?
-24
-5 - -9 - (-13 + (-20 - -19) + 117)
-99
What is the value of -16 + -3 + 14 + -3 - (5 + 75 + 10)?
-98
Calculate -47 - (8 + (-15 + 5 - (23 + -21))).
-43
What is 1 + 14 + -22 + (9 - 2) + 5?
5
What is the value of (175 + 51 - 72) + -120?
34
Evaluate -24 + 12 - -2 - -10 - 4.
-4
(-11610 - -11570) + 39 + -1
-2
Calculate 53 + -6 + (-55 - -26).
18
Evaluate -19 - -36 - 30 - 18 - -69.
38
Calculate (0 - 7) + ((42 - -7) + -15 - -19).
46
What is (-5 - (-1 + 93 + -26)) + 17 + 0?
-54
-43 + 3 + 29 + 0 + 2 + 15
6
-5 + 20 + -4 + (65 - 76) + -6 + -4
-10
What is 4 + (-23 - (18 - (24 - -19))) - 20?
-14
(-22 - (-248 + 230 + 1 + 3)) + 5
-3
What is (11 - (-1 + -1)) + (2 - (83 + -41))?
-27
Calculate -84643 + 84602 + 91 + (-1 - 0).
49
-35 + (16 - (-40 + (73 - -7)))
-59
What is the value of -50 - (-17 - 13) - -88?
68
Calculate (21 + -12 - (28 - 11)) + -38.
-46
Evaluate 3 + 31 + -2 - (-17 + 42).
7
-36 - (-21 + -25 + 56)
-46
What is the value of ((-28 - -62) + -12 - 9) + -23 - (-17 + 1)?
6
12 + 17 + (-13 - (-3 - 20))
39
What is the value of 81 + -92 + (-12 - 4 - 4)?
-31
Evaluate -7 - -14 - (-8 - (1 + -7) - (-2 + 38)).
45
What is 8 + (-22 - (3 + -28) - 31)?
-20
Evaluate -50 + 162 + 6 + -54.
64
What is -122 - (13 + (-58 - 16) + 25)?
-86
Evaluate (24 - 31) + -3 - (12 - -1) - 1.
-24
-2 - (-29 + 23 + 29 - 13)
-12
What is (2 - 107) + 19 + -26 + -63 + 71?
-104
54 + -94 + 33 - 26
-33
What is the value of -10 - (30 - (-9 + 30) - 4 - (0 + 21))?
6
57 + ((-6 - 2) + 3 - (-24 + 13 - -7))
56
Calculate -27 - (-2 - ((33 - 12) + 63)).
59
What is 28 + -23 - (-8 + (-3 - -71)) - (0 + 7)?
-62
What is 37 - (3 + 9 - (11 + (21 - 27)))?
30
Evaluate -74 + (-1 - (-6 + 2)) + (-34 - (-25 + 3)).
-83
Calculate 0 - 18 - (-241 - -227) - -10 - 42.
-36
(102 - 49 - (7 + -5)) + (-5 - (2 - 4))
48
Calculate (-139 - (-3 + 1)) + -43 + 131 + -57 + -20.
-126
Evaluate -35 - (1 + (48 - 74)) - (-2 + (0 - -105)).
-113
What is 75 - (-24 - (-96 - -36))?
39
What is (-11 - -22) + (-14 - 14) + 1 + 10?
-6
Calculate (-23 - 54) + (128 - 148).
-97
(0 - -15) + 77 + (-268 - -221)
45
What is -53 + 17 + 9 - -85?
58
What is the value of -3 - (-558 + 543 - (51 - (2 + -2)))?
63
Evaluate 37 + 10 + 52 - 46.
53
What is the value of -138 + 246 + (-8 - 33)?
67
What is -1248 + 1239 - ((0 - 47) + 2 + -4)?
40
Calculate (3 + 3 - 9 - ((-22 - -17) + 6)) + -57.
-61
Calculate (-114 - -42) + 29 - 22.
-65
What is -57 - -1 - (3 + -94)?
35
What is 29 + 4 - (1295 - 1160)?
-102
What is -144 + 89 + (69 - 17)?
-3